b + 2*s = 560. Let j be (2/5)/(11/b). Suppose 15*n + 450 = j*n. Does 15 divide n?
True
Let y be (-1)/((-2)/(-3)) + (-894)/(-4). Let k = y - 92. Does 11 divide k?
False
Suppose -5*x - 5660 = -6*x - 4*g, 4*g + 17076 = 3*x. Does 98 divide x?
True
Let x be ((-48)/9)/(2/309) - -3. Let t = -789 - x. Is t a multiple of 2?
True
Suppose -4450270 = -88*v - 756931 + 1114893. Does 13 divide v?
True
Let k(a) = -6*a + 36. Let m be k(6). Suppose m = 188*b - 187*b - 413. Is 16 a factor of b?
False
Let z(x) = 330*x - 12 + 72 + 7*x**2 - 338*x. Is z(-10) a multiple of 6?
True
Let r = 2583 + -1421. Suppose m + 6*m = r. Is 35 a factor of m?
False
Suppose -4*g - 6*d + 16021 = -5*d, -5*g + 5*d + 20020 = 0. Does 3 divide g?
True
Suppose 3*o + 0*o - 294 = -3*k, 2*o + 92 = k. Suppose -k*d + 1785 = -89*d. Is d a multiple of 4?
False
Suppose -25*h + 27316 + 16852 = -25132. Is h a multiple of 22?
True
Let l = -8301 + 13748. Does 12 divide l?
False
Let f(h) = 84*h - 18. Let j be f(6). Let a = -822 + j. Let n = -198 - a. Does 10 divide n?
False
Let t = -7974 - -9384. Does 10 divide t?
True
Suppose 4*q = 2*n - 54280, -n + 160*q = 166*q - 27084. Does 61 divide n?
False
Suppose 2*i - 5*i + 3453 = 5*u, -5*u + 5*i + 3485 = 0. Let g = -218 + u. Is g a multiple of 70?
False
Suppose i - 32 = 2*r - 404, 5*r = 4*i + 936. Suppose -5*t + 182 = -0*j + 3*j, 5*t + j - r = 0. Let u = t - 34. Does 2 divide u?
False
Suppose -2*u = 4*j - 450, -24*j - 4*u = -22*j - 210. Suppose j*n = 129*n - 2646. Is n a multiple of 8?
False
Let l(v) = 43*v**2 + 63*v - 20. Is l(4) a multiple of 10?
True
Let c be (9844/(-8))/((-27)/(-30) + -1). Suppose -13*u = -18*u + c. Suppose 877 = -12*v + u. Is v a multiple of 44?
True
Let c = 202 - 187. Suppose -x = 3 - c. Does 4 divide x?
True
Does 32 divide 217 + 6331 - (20 + -2)?
False
Suppose -6392 = -3*c - 18*l + 13*l, 6422 = 3*c - l. Is 69 a factor of c?
True
Suppose 4*i + 55 = -153. Is (-171)/(-2*(-2 + i/(-24))) a multiple of 19?
True
Let d(s) be the second derivative of -s**4/6 - s**3/2 + 5*s**2 - 24*s. Let y(b) = b**2 + 1. Let c(z) = d(z) + 5*y(z). Is 31 a factor of c(6)?
False
Suppose -h = -0*h + 2*k - 6031, 0 = 5*h + 4*k - 30185. Does 29 divide h?
False
Let q(s) = s**3 + 3*s**2 - 9*s + 5. Let h be q(4). Suppose 6*b - h - 21 = 0. Let j = b - -87. Is 49 a factor of j?
False
Suppose -33*j + 140 = -5*j. Suppose 3*i = 183 + 234. Suppose -5*p + 4*w + 408 = 0, -4*p + j*w - i = -469. Is 16 a factor of p?
True
Let a be (-5 + 6)/(2/1374). Suppose a = 12*w - 3105. Does 79 divide w?
True
Let q(f) = f**3 + 16*f**2 - 25*f - 24. Let p = -83 - -75. Is q(p) a multiple of 28?
False
Suppose 2*v + 16*x - 17*x = 218, -v + 106 = -2*x. Suppose -k + v - 98 = 0. Is k a multiple of 12?
True
Suppose 2*q - 5*q + 9993 = -2*b, -16705 = -5*q - 5*b. Is 55 a factor of q?
False
Let m = 7307 + -4518. Does 6 divide m?
False
Let g = 1040 + -1022. Let f(v) = -348*v**3 + v**2 + v. Let o be f(-1). Suppose -g*h = -15*h - o. Is 15 a factor of h?
False
Let i = -749 + 516. Let r = i - -444. Does 56 divide r?
False
Let f(r) = -102*r + 37. Let h be (-4 + 8 + -5)*3. Is 7 a factor of f(h)?
True
Suppose 0 = -2*l - 10, 2*j - 7720 = 5*j - 4*l. Is 43 a factor of ((-16)/(-20))/(10312/j - -4)?
True
Suppose -3*n + 3*r + 1692 = -7698, 0 = -4*n + 5*r + 12516. Is n a multiple of 46?
False
Let d(g) be the first derivative of 13*g**3/3 - 4*g**2 - g + 1. Suppose 8*r - 18*r + 83 = 113. Is 20 a factor of d(r)?
True
Suppose 4*o = -4*z - 20, -2 = z + 5*o + 15. Is 14 a factor of (116 - (-4 - z))/((-14)/(-21))?
False
Suppose -5*z + g = -9, -8*z + 4*z - 2*g + 10 = 0. Suppose -4*b = 2*u, -z*u = -b - 0 + 20. Is 14 a factor of 912/5 + u/20?
True
Is 17 a factor of 1*(-1 - -2)*(15724 - -99)?
False
Let k(o) be the third derivative of -o**6/360 - o**5/10 + 5*o**4/12 + 14*o**3/3 - 30*o**2. Let n(c) be the first derivative of k(c). Is 2 a factor of n(-12)?
True
Let b = -3962 - -8056. Does 23 divide b?
True
Let q(g) = -g - 92 - 37*g - 56 + 19. Does 26 divide q(-10)?
False
Let j(g) = g**3 - 5*g**2 + 11*g - 7. Suppose -y + 4*s = 14, 0 = -5*y - s - 2*s + 45. Is 11 a factor of j(y)?
False
Suppose -10207 - 8762 = -5*a + 3*h, -3*h - 15174 = -4*a. Does 11 divide a?
True
Let y(x) = -23*x + 29 + 12*x + 6*x. Let c be y(-9). Let f = c + -62. Does 6 divide f?
True
Let x = 1568 + 1095. Is 3 a factor of x?
False
Let j(a) = -2*a**3 + 27*a**2 + 15*a - 10. Let t be j(14). Suppose -4*n + 1812 = -t*l, 0*n - 916 = -2*n - 3*l. Is 7 a factor of n?
True
Let i = -12 + 21. Let n(w) = 12*w - 2*w**2 - 6*w + 7*w - 9 + 2*w + 8*w. Does 9 divide n(i)?
True
Let u = 230 - 224. Suppose u*j + 564 = 8*j + g, -4*g - 846 = -3*j. Is j a multiple of 54?
False
Let j(x) = -2*x + 3. Let g be j(0). Suppose -g*z = 2*a - 18, 4*a - z = 2*z. Suppose a*y - 208 = y. Is y a multiple of 19?
False
Suppose 0 = -27*f + 65886 + 293430. Is 4 a factor of f?
True
Suppose 29 = -3*b + 5*r, -5*b + 10 = 3*r + 13. Does 21 divide 66/154 - (b + (-9654)/14)?
True
Suppose 0 = 6*l - 12*l + 6. Suppose 0 = -z + l + 11. Suppose -2*b + z*b = 1510. Is 15 a factor of b?
False
Let u(x) = -2*x**3 + 57*x**2 - 201*x - 33. Let a(o) = -o**3 + 28*o**2 - 101*o - 16. Let y(m) = 5*a(m) - 2*u(m). Is 7 a factor of y(21)?
True
Let t = 384 + 5960. Does 26 divide t?
True
Suppose -2*n + 3*p + 43714 = -53071, -n + 48415 = 3*p. Is n a multiple of 15?
False
Let a = 3266 + -986. Suppose -15*t + 7*t + a = 0. Is 57 a factor of t?
True
Let q(i) = 28*i**2 + 5*i + 31. Let l be q(6). Suppose 5*v - 2684 = -g, 2*v + 3*g + 2*g = l. Is 32 a factor of v?
False
Is 16 a factor of (-2)/(-8*(-7)/(-58688))?
True
Let p = 346 - 344. Suppose 270 = 4*a - 3*l - p*l, 5*l - 185 = -3*a. Is 5 a factor of a?
True
Suppose 0 = i - v + 2282 - 9094, -3*v = 5*i - 34028. Does 159 divide i?
False
Suppose -i = -63*f + 61*f + 39367, 59028 = 3*f - 4*i. Does 8 divide f?
True
Let p(k) = -1992*k - 2444. Is 17 a factor of p(-27)?
True
Let q(d) = -38*d**2 + 3. Let a(g) = -77*g**2 + 7. Let u(z) = 2*a(z) - 5*q(z). Let p be u(1). Suppose -p = -5*n + 30. Is 4 a factor of n?
False
Suppose -36784 - 95356 = -20*k. Is k a multiple of 123?
False
Let z = 3410 + -2460. Is z even?
True
Let t be (24/(-40) - 0)*-615. Let k = 464 - t. Is 4 a factor of k?
False
Suppose 5*s + 3*v + 28 = 0, -8 = -3*v - 26. Suppose -44 = 2*q + 36. Does 9 divide 363/s*q/30?
False
Let a = -422 + 236. Let q be (a/(-10))/((-26)/(-130)). Let g = q - 63. Is 6 a factor of g?
True
Let q(a) = 4*a - 3. Let y(g) = -g + 1. Let k(b) = q(b) + 3*y(b). Let v(d) = 9*d - 31. Let c(f) = 4*k(f) - v(f). Does 22 divide c(-21)?
False
Suppose 6816 = 3*z - f, -2*f + 4544 = 357*z - 355*z. Is 5 a factor of z?
False
Let c(l) = 0*l**2 - 1059*l + l**2 + 17 + 1050*l. Is 7 a factor of c(17)?
False
Let f(t) = -5*t**2 + 13*t + 40. Let a be f(-9). Let b be (-28)/42 - (-4096)/6. Let m = a + b. Is m a multiple of 20?
True
Suppose -60858 = 2*j - 6*j - 20870. Is 10 a factor of j?
False
Let z(k) = 6*k - 7. Let a be z(3). Let h(x) = -x + 14. Let q be h(a). Suppose 2 = -y, -2*l + 8*y + 68 = q*y. Is l a multiple of 9?
False
Let b(w) = w**3 - w**2 - 6*w - 5. Let i(s) = s**2 + 3. Let r be i(0). Suppose -3*x = -3*h + 30, r*x + 16 = 1. Is 15 a factor of b(h)?
False
Suppose -4*o - 2*g = 2, -74 + 79 = 5*o + g. Suppose 1103 = 3*k - s, o*k + 0*s - 758 = -5*s. Is k a multiple of 9?
True
Let l be ((-1)/3)/(0 - 5/60). Suppose -2*j = -j, -l*w = 3*j - 8008. Suppose 0 = 2*s + 9*s - w. Is 11 a factor of s?
False
Let y = 839 - 39. Is 10 a factor of y?
True
Suppose v - 5*v - 592 = 0. Let d = v + 185. Is 37 a factor of d?
True
Let l = 223 + -220. Suppose 0 = -2*z - 3*f + 282, 4*z - 291 = -l*f + 285. Is z a multiple of 21?
True
Suppose -1696 = -24*v + 1232. Is 2 a factor of v?
True
Let x(m) = -36 + 29*m - 33*m + 19*m + m**3 - 12*m**2. Is x(11) even?
True
Let j(q) = -q**3 + 29*q**2 + 10*q - 192. Is 62 a factor of j(23)?
False
Does 38 divide (5 + (-5 - 3))/(1/(-489))?
False
Suppose 5*k - 5*x - 5185 = 0, -5*k + 16*x = 20*x - 5158. Does 22 divide k?
True
Let w(t) = t + 112. Suppose o + 11*o = 444. Let x = o - 37. Does 30 divide w(x)?
False
Let o(q) = -1. Let f(x) = x**2 + 8*x + 32. Let s(p) = f(p) + 2*o(p). Let b be s(-10). Is ((-37)/2)/((-5)/b) a multiple of 37?
True
Suppose -5*n + 15 = -j, 2*j + 3*n + n = 12. Suppose j*v - 1298 = -22*v. Is v a multiple of 5?
False
